?
0
Suppose 6 = -2*y - y. Let m be (y - -2)*(0 - -1). Suppose -4*v = -m*v - 72. What is the units digit of v?
8
Let q(s) = -11*s - 54. Let p be q(-5). What is the tens digit of 63/(-14)*(p - 7)*3?
8
Let s(d) = -2*d**3 - 14*d**2 + d - 54. What is the tens digit of s(-10)?
3
Let a = -7224 + 12367. What is the hundreds digit of a?
1
Let r be (-9)/(90/4) - (-6104)/10. Suppose -25*h = -20*h - r. What is the tens digit of h?
2
Suppose 15*l - 56 = 19. Suppose 3*q - 2 - 4 = 0. Suppose 5*t - 323 = -q*k, l*t + k - 319 = -0*k. What is the tens digit of t?
6
Let s(z) = 1092*z - 44. What is the tens digit of s(1)?
4
Suppose 3*i + 54 = -3*x, -3*i = 2*x + i + 42. Let v = x + 17. Suppose -10 = -4*m - v. What is the units digit of m?
2
Let k be -423*((-3)/1)/9. Let v = 214 - k. What is the tens digit of v?
7
What is the units digit of (-41308)/(-18) - (-108)/972?
5
Let o = 42 + -32. Suppose 2*i + o = 0, 4*u - 265 = -4*i + 9*i. What is the units digit of u?
0
Suppose 0 = -3*a + 3*k - 15, 0 = 3*a - 0*k - 2*k + 14. Let g = -52 - a. What is the units digit of (4/3)/((-16)/g)?
4
Suppose 5*l + 250 = 5*s + 660, 0 = 4*l + 5*s - 319. Let d = l + -47. What is the units digit of d?
4
Suppose 3*s - 4*p + 196 = 0, p = 4*s - p + 268. Let z = -43 - s. What is the units digit of z?
5
Let v(h) = -53*h + 406. What is the units digit of v(6)?
8
What is the hundreds digit of (-1)/3 - (0 - 22938/18)?
2
Let d = 106 + 641. What is the tens digit of d?
4
Let w(x) = x**2 + 14*x - 10. Let i(t) = -2*t**2 - 14*t + 11. Let y(b) = 2*i(b) + 3*w(b). Suppose -3*a + 25 = -11. What is the units digit of y(a)?
6
Let z(g) = -g - 2 + g + 6 + 2*g + g**2. Let t be z(3). Suppose 4*r = 3*r + t. What is the tens digit of r?
1
Suppose -2*q - 2*t + 8 = 0, -2*q - 3*t - 6 = -14. Suppose 268 = q*g + 88. What is the tens digit of g?
4
Suppose 0 = 9*f - f - 24. What is the units digit of (-3)/(f/(-2)) + (-43)/(-1)?
5
Let p(v) = 13*v + 4*v**2 - 4*v + v**2 - v**3 + 2 - 3*v. What is the units digit of p(3)?
8
Let h be (-1)/(-2*3/(-42)). What is the units digit of h/(-2*(-1)/(-18))?
3
Let s(g) = g**3 + 10*g**2 + 7*g - 2. Let a be ((-9)/(-2))/(3/12). Suppose -45 = 5*z - 5*n, -2*z + 4*n = -0*z + a. What is the units digit of s(z)?
6
Suppose 61*k - 118377 = 67429. What is the units digit of k?
6
Suppose 10205 = 11*u - 29791. What is the hundreds digit of u?
6
Let p(k) = 3*k**2 - 11*k + 21. What is the tens digit of p(-10)?
3
Let y(p) = p + 8. Let f be y(9). Let a = 84 - f. What is the units digit of a?
7
Let w(n) = -64*n + 153. What is the tens digit of w(-13)?
8
Suppose 4*u = -4*k, 2*u = -4*k - 12 + 2. Suppose -2*i + 2*f - 74 = -u*i, -i + 34 = -4*f. What is the tens digit of i?
2
Suppose -4*o - 15 = -5*o + 5*d, -3*d = 3*o - 9. Let z(k) = 5*k + 1 + 5 - o. What is the tens digit of z(11)?
5
Suppose 2*i = -4*k + 6876, 0 = 4*i + 8 + 8. What is the hundreds digit of k?
7
Let m(u) = u**2 - 36*u + 440. What is the units digit of m(15)?
5
Let n be 9669/9 + 2/(-6). Suppose -2*x - x + n = 0. Suppose -x = -5*q - 2*u, 0*u + 284 = 4*q + 4*u. What is the tens digit of q?
7
Suppose -2*b = -2*h - 352 - 10, -2*h + 374 = 2*b. What is the units digit of b?
4
Let c(q) = 28*q - 5. Let k = -5 + 9. Let z be c(k). Suppose -n - v + 27 = 0, 5*n - z = -2*v + 13. What is the units digit of n?
2
Let h(v) be the second derivative of v**5/20 + v**4/2 - v**3/2 + 4*v**2 - 2*v. Let c(y) = -y. Let p(l) = -c(l) + h(l). What is the tens digit of p(-6)?
2
Let p = 379 + -155. Suppose 2*f - 5*t - 106 = 0, 4*f - 4*t + 24 = p. What is the units digit of f?
8
Let d = -31 + 33. Suppose 5*y - 235 - 145 = 5*z, 0 = -d*z - 10. What is the units digit of y?
1
What is the units digit of (29*(-37 + -6) + 4)/(-1)?
3
Let l(x) = x**3 + 7*x**2 + 8*x + 7. Let d(o) = -o**3 - 1. Let n(k) = 2*d(k) + l(k). What is the units digit of n(7)?
1
Let w be (-12)/(-8)*40/15. What is the units digit of -1 + w - (-11 + -1)?
5
Let a(l) be the second derivative of l**3/3 + 6*l**2 + 6*l. Let t be a(-8). Let x(b) = -b**3 - 5*b**2 - 6*b - 5. What is the units digit of x(t)?
3
Let v(l) = -l**2 + 16*l - 12. Let t be v(15). Suppose k + 5*s - 434 = -3*k, -5*k + 549 = t*s. What is the units digit of k?
1
Let s(u) = -6*u - 31. Let y be s(-8). Suppose -x = -88 - y. What is the hundreds digit of x?
1
Let r(k) = 3*k - 3. Suppose 0*y - y + f = -17, 0 = 5*f - 10. What is the tens digit of r(y)?
5
Let r(z) = -143*z + 14. Let l be r(-4). Let c = -418 + l. What is the tens digit of c?
6
What is the hundreds digit of (2616/(-15))/(4/60*-6)?
4
Let m be (0/(-2))/(9/3). Suppose m*h = 6*h - 1278. Suppose 0*l = -3*c + 5*l + h, c - 5*l - 71 = 0. What is the tens digit of c?
7
Let c = 53 + -52. Suppose 2*z + 12 = -18. What is the units digit of (c*-23)/(14 + z)?
3
What is the units digit of 3 + 117/(-52) + (-33442)/(-8)?
1
Let v = -377 + 532. What is the units digit of v?
5
Let m be 2/(-5) - 54/(-10). Let r = 7 - m. What is the units digit of r?
2
Suppose 0*z = 4*z - 8, z - 12 = -5*n. Suppose -h - 5 = -n*h. Suppose -2*j = 2*d - d - 45, 57 = 2*j + h*d. What is the tens digit of j?
2
Let t(j) be the second derivative of -j**5/10 + j**4/12 - 5*j**2/2 + 17*j. What is the tens digit of t(-2)?
1
Suppose -4*q + 323 = 3*h - 62, 505 = 5*q - h. What is the units digit of 6/10 - (-1240)/q?
3
Suppose -3*t = -2*q - 18, -2*q + 23 = 2*t + 1. Suppose -270 = -t*s + 3*s. What is the units digit of s?
4
Suppose -y - 2 + 8 = 0. Suppose -4*t + y = -t. Suppose 3*c - t*d = 6*c - 78, 106 = 4*c + 2*d. What is the units digit of c?
8
Let o be (30/(-9))/(1/15). Suppose 0 = 4*l - 41 - 331. Let v = l + o. What is the units digit of v?
3
Let v(q) = 2*q - 20. Let t be v(16). Suppose -l = -2*y - 18, 3*y = -4*l - y + t. Let a = l - -14. What is the tens digit of a?
2
Let a = -15 - -16. What is the tens digit of (-16)/(3/(-6)*a)?
3
Suppose 0 = -3*m - 3*q - 444, 4*m - 5*q + 476 = m. Let t = m - -292. What is the hundreds digit of t?
1
Suppose f - 7 = 5*y, -f - 2*f + 4 = 2*y. Suppose 4*v + o + 0*o = 290, -4*o + 138 = f*v. What is the units digit of v?
3
Suppose 0*b + 2*b + 5*y = 124, 4*b + 4*y = 248. What is the units digit of b?
2
Suppose 0 = 3*g + s + s - 404, 274 = 2*g - s. Let d = -47 + g. Suppose 3*a = -23 + d. What is the units digit of a?
2
Let i(y) = y**3 - 6*y**2 + 9*y + 1. Let z be i(4). Suppose 3*u + z*f = 636, -831 = -4*u + 3*f - 4*f. What is the hundreds digit of u?
2
Let y = -3 - -4. Let p = 2 - y. What is the tens digit of 20*1 - 0/p?
2
What is the tens digit of 0 - 72/(-3)*(-8 + 68)?
4
Let y(h) be the second derivative of h**5/20 - h**3/2 + h**2/2 + 4*h. Let z be y(2). Suppose 78 = 4*u - r, 2*u - 46 = -z*r - 0*r. What is the units digit of u?
0
Suppose -4*s + 5*t + 30 = s, -5*t - 20 = 0. What is the units digit of 4 + (54 + s - -2)?
2
Suppose 19*q - 24 = 23*q. What is the tens digit of (q - 4)/((-6)/183)?
0
Let g = -25 - -20. Let m(c) = c**2 + 4*c - 5. Let p be m(g). Suppose -7*v + 9*v - 26 = p. What is the tens digit of v?
1
Let f = -1557 - -2237. Let h = f - 360. What is the tens digit of h?
2
Let q = 73 + -36. Suppose 4*l - l + q = 2*b, 39 = 2*b - 5*l. What is the units digit of b?
7
Let q(g) = g**3 - 4*g**2 + 2. Let k be q(4). Suppose -4*y = k*x - 4*x - 38, 4*y + 5*x = 45. What is the units digit of 35/y - (-2)/(-4)?
3
Suppose 0 = -11*b + 31693 + 13242. What is the hundreds digit of b?
0
Let y(w) = 83*w - 69. What is the tens digit of y(6)?
2
Let k = 572 - 342. What is the hundreds digit of k?
2
Suppose -1398*v + 1396*v = -2406. What is the thousands digit of v?
1
What is the tens digit of -9 + (-10)/10*-508?
9
Suppose 37*p = 18*p + 6194. What is the units digit of p?
6
Let v(w) = 76*w**2 - 3*w + 2. Let b be v(1). What is the hundreds digit of 838/8 + b/(-20) + 4?
1
Let v = -12 + 5. What is the units digit of (0 - -2) + v + 39?
4
Let x = 81 - 36. Suppose 0 = 10*g - 0*g - 20. Suppose -g*w - w + x = 0. What is the units digit of w?
5
Let s(h) = 12*h**3 - 4*h**2 + 14. What is the hundreds digit of s(5)?
4
Let d be (30/(-9))/(4/(-6)). Suppose 0 = -2*x - x + 3*g + 408, -d*x = -2*g - 668. Suppose 2*p = 5*o + 96, 3*p + p = -5*o + x. What is the units digit of p?
8
Suppose 0 = -106*z + 104*z + 1264. What is the hundreds digit of z?
6
Suppose -32 = -5*c + 23. Let m be (-2)/c + 322/77. What is the units digit of m/(-7) + (-510)/(-